 - 4. Suppose 2*i - f - 3 = 0. Let d(l) = 4*l**2 - 2*l + 3. Is d(i) a multiple of 5?
True
Is 23 a factor of 8/(32/30)*400/3?
False
Let l(z) = -z**3 - 13*z**2 - 9*z + 11. Let j be l(-12). Is 22 a factor of 116 + 5/(j/(-10))?
False
Suppose 4*t = 3*i - 27, 5*i - 21 - 24 = -3*t. Let q = i + 43. Does 13 divide q?
True
Suppose 3*n = -13 - 5. Let y be n/(-30) - 18/15. Is 24 a factor of (-24)/((y - 3)/8)?
True
Suppose 3*c + 5*l - 35 = 0, 5*l - 48 + 3 = -5*c. Let u(k) = 2*k + 14. Is u(c) a multiple of 10?
False
Let k be 3 - 3 - (0 + 2). Let v be k + (5 - 3) + 40. Let z = v - 19. Is 13 a factor of z?
False
Suppose -10*b - b - 99 = 0. Let l = b - -16. Is l even?
False
Let x = -269 + 266. Let a be (4 - 4)/(2*1). Does 4 divide a - x - (-2)/2?
True
Let u = -79 + 113. Suppose u + 14 = n. Does 10 divide n?
False
Suppose 19*u - 15 = 16*u. Suppose u = 4*t + 9. Let v = 24 + t. Is v a multiple of 10?
False
Suppose 0 = -j + 20*t - 21*t + 639, -4*t + 633 = j. Does 126 divide j?
False
Suppose 7*m = -4*m + 66. Is 6 a factor of ((m - -30) + 4)*12/10?
True
Let b = 143 + -321. Let k = -101 - b. Is k a multiple of 16?
False
Let s(x) = -2*x - 7. Let h be s(-9). Suppose -3*p + 4*o = 123, 3*o + 2 = h. Let v = -22 - p. Is v a multiple of 6?
False
Let y = 1813 - 1223. Suppose 0*a - 438 = -3*a - 3*x, y = 4*a + x. Is 12 a factor of a?
False
Let f(p) = 2*p**2 + 11 + 17 - 4*p**2 - 10*p + 3*p**2. Does 6 divide f(10)?
False
Let n(v) be the first derivative of v**2 - 11*v + 11. Let t be n(6). Is 13 a factor of (-1 - t)*53/(-2)?
False
Let r = -130 + 394. Is r a multiple of 51?
False
Let z = -697 + 998. Does 3 divide z?
False
Let i(r) = r**2 + 3*r + 2. Let p be i(-1). Suppose -6*k + 3*k = p. Is k + (50 - -4) + 1 a multiple of 19?
False
Suppose -14*z + 11*z - 18*z = 0. Suppose z = 2*w - 28 - 44. Is 9 a factor of w?
True
Suppose -w - 3*c = -12, -w - 2*c + 16 = -0*c. Let f be w/84 + (-569)/7. Let z = -22 - f. Does 15 divide z?
False
Let l be (-2)/((-15)/9*6/(-5)). Suppose 2*f - 1 + 3 = -2*d, 2*d = 4*f - 2. Does 15 divide (l + 1)/d + 45?
True
Suppose 0*x - 24 = c - 2*x, -5*c = -5*x + 110. Let q = -43 - -73. Let p = c + q. Does 5 divide p?
True
Let m(z) = 5*z + 2. Let s(f) = 135*f + 55. Let c(p) = 165*m(p) - 6*s(p). Let y be c(2). Is (0 + 175)*12/y a multiple of 15?
False
Let a(b) = 5*b + 5. Let h be (-10)/(-2) - (-21)/(-7). Suppose 0 = -3*t + 3*g - 2*g + 16, 0 = -h*t + 3*g + 20. Is a(t) a multiple of 14?
False
Let i = -109 + 163. Does 34 divide i?
False
Suppose 2*s = -3*n - 13 + 129, 132 = 4*n - 3*s. Does 11 divide (-2)/(-8) - (-2799)/n?
False
Let j(y) = y**2 - 2*y - 2. Let r be j(4). Suppose -78 = -m + 4*n - r, -4*m = 3*n - 288. Is m a multiple of 24?
True
Let l(n) = 7*n**2 + 34*n - 252. Is 8 a factor of l(13)?
False
Suppose -1401 = -3*f - 468. Suppose -95 - f = -14*h. Is 3 a factor of h?
False
Let p(s) = -s**3 - s + 18. Let l be p(0). Let f be 2/(-7) - 407/(-77). Suppose -f*q = -132 - l. Is 10 a factor of q?
True
Let a(c) = 5*c - 2*c + c**2 - 2*c - 6. Is a(-6) a multiple of 24?
True
Let o(j) = -j**3 - 15*j**2 + 18*j + 22. Let k be o(-16). Is 4 a factor of ((-5)/10 + 0)*k?
False
Let h = -549 + 837. Is 16 a factor of h?
True
Let i = -1532 - -1612. Is 16 a factor of i?
True
Suppose 0 = -2*h + h. Suppose h = -2*c + 48 + 120. Is c/(3/1) + -3 a multiple of 12?
False
Is 7 a factor of -8*(-2)/(-8) + 1 + 140?
False
Suppose -15 = 3*s, -3*g - 2*s - s - 30 = 0. Let l(p) = 4*p**2 + 7*p - 3. Let n(u) = 3*u**2 + 6*u - 2. Let y(a) = g*n(a) + 4*l(a). Is 13 a factor of y(-3)?
True
Suppose 2807*z - 12834 = 2789*z. Is z a multiple of 76?
False
Let n be 20 + (16/(-4) - -4). Let x(y) = y + 3. Let k be x(0). Suppose k*o = o + n. Does 5 divide o?
True
Let n be 89 - (0 - 2/2). Suppose -2*f = -n - 50. Let p = 116 - f. Does 23 divide p?
True
Let b = -223 - -679. Does 19 divide b?
True
Suppose 9*q - 1309 = 4523. Is q a multiple of 18?
True
Let c = -142 - -225. Suppose -28*z + c = -27*z. Is z a multiple of 15?
False
Suppose 38*n - 3317 = 179. Is n a multiple of 47?
False
Suppose -3*a - 5*v - 16 = 0, -6*a = -3*a + 2*v + 1. Suppose 0 = 2*q - 2*i - 90, -i - a*i = -2*q + 84. Is 16 a factor of q?
True
Suppose 0 = -8*j + 18*j - 120. Suppose j*r - 6*r = 102. Does 15 divide r?
False
Let z(a) = a**2 - 9*a - 16. Let n be z(22). Is 9/(n/24)*830/4 a multiple of 15?
False
Suppose 0 = -2*z + j + 646, 3*j = -0 + 12. Let i = z - 182. Does 30 divide i?
False
Let l(i) = -11*i**3 - 23*i - 46. Is l(-5) a multiple of 38?
True
Let r(s) = 2*s + 19. Let x be r(-8). Suppose -11 + 47 = x*d + 3*n, -76 = -3*d + 5*n. Is 17 a factor of d?
True
Let j(o) = -44*o - 4. Let f(b) = 29*b + 3. Let z(n) = -8*f(n) - 5*j(n). Let y be z(-6). Is (y/(2 + 0))/2 a multiple of 17?
True
Let a(t) = -9*t - 6. Let q be a(-2). Suppose o - 5*p = -0*o + 19, -4*p = q. Does 2 divide o?
True
Suppose 0*i + 3*i - 6 = 0. Suppose -410 = -2*k + 2*u, -k = -i*k - 3*u + 221. Is k a multiple of 40?
False
Let v = 1040 + -387. Is v a multiple of 8?
False
Let r = 445 + -207. Let p = r + -134. Is p a multiple of 13?
True
Let u(y) be the second derivative of -7*y**5/20 + y**4/3 + 2*y**3/3 + 14*y. Suppose -3*v + 2*l - 4 = 0, -v + 5*l + 1 = v. Does 16 divide u(v)?
True
Let f(v) = -v**3 - 8*v**2 + 6*v - 6. Let z be f(-9). Does 14 divide (-107)/(-3) + (-14)/z?
False
Let t = 4 - 3. Let m be (-87)/9*6/t. Let d = m - -103. Does 15 divide d?
True
Let w(i) = i - 3. Let h be w(7). Suppose -2*v + 2*a - 3*a - 6 = 0, 0 = 4*v - 2*a + h. Is (v + 46)*4/8 a multiple of 11?
True
Suppose 16*m = 11*m. Let b be 1*(m - 1)*-6. Suppose 0 = b*f + 287 - 749. Does 14 divide f?
False
Let q be (-2 + 2)/((-8)/(-2)). Suppose -i = 4*a - 62, -5*a + 5*i + 54 + 36 = q. Is 14 a factor of a?
False
Suppose 0 = -2*d - 3*w + 32 + 35, 4*w + 20 = 0. Does 3 divide d?
False
Is 87 - 19/((-38)/16) a multiple of 5?
True
Suppose j - 51 = -5*u, -4*u - 4*j = -7*j - 37. Let t be -2*2/(-8)*u. Suppose 2*p - t*p + 141 = 5*w, -42 = -w + 4*p. Is 10 a factor of w?
True
Suppose -442*t - 616 = -444*t. Does 52 divide t?
False
Suppose 37*z + 3*z = 12920. Is z a multiple of 10?
False
Does 28 divide (((-48)/15)/(-4))/(3/840)?
True
Let g be 6*((-3)/18 - 5/(-10)). Suppose -3*y = -g*k + 226, -46 - 57 = -k - y. Does 15 divide k?
False
Suppose 2*h - 49 = 2*d - 11, -73 = -2*h - 5*d. Is 24 a factor of h?
True
Let p be 1/(-1) - (-96 - -1). Suppose 3*z - 204 = -330. Let n = z + p. Is 18 a factor of n?
False
Does 2 divide (-2)/(18/15) - 1211/(-21)?
True
Let w(o) = 2*o**2 - 43*o - 272. Is 11 a factor of w(-6)?
False
Does 12 divide (952/6)/((-4)/252*-7)?
True
Let t = 2 - 14. Let r be (765/t)/((-12)/32). Suppose r - 46 = 4*b. Does 31 divide b?
True
Let m(k) = 256*k**2 + 3*k + 3. Is 19 a factor of m(-1)?
False
Let y(m) = -15*m**3 - 3*m**2 + 7*m + 3. Is 32 a factor of y(-5)?
False
Does 38 divide 40*2 + (5 - 3)*1?
False
Let k(y) = y**3 - 5*y**2 - 2*y + 22. Suppose -3*j = -0*j - 15. Is 3 a factor of k(j)?
True
Is (1/(-2))/(8/(-6640)) a multiple of 17?
False
Suppose 0 = -y + 2*p + 42, -110 = -6*y + 3*y - 2*p. Suppose -3*h + 21 = -h - 3*f, -h + 4*f = -23. Let r = y - h. Is r a multiple of 6?
False
Let n be 1 + 40/(8 + -3). Does 25 divide (-597)/n*(-2)/4*6?
False
Suppose 0 = -f + 477 + 1376. Is f a multiple of 40?
False
Suppose -3*k + 9406 = -3*j + 2*j, 0 = -4*k - 5*j + 12554. Is k a multiple of 150?
False
Suppose 0*q + 10 = 2*q + 4*i, 0 = -2*i. Suppose -x - 4*y = -9*y - 112, 4*x + q*y - 448 = 0. Suppose 0 = 4*n - 0*n - x. Is n a multiple of 7?
True
Let g = 9 - 1. Is 13 a factor of (g/6)/((-2)/(-381))?
False
Let s(f) = -270*f + 8. Let d be s(-4). Is 3*(d/(-12))/(-4) a multiple of 23?
False
Does 15 divide (77 + -76)*265/1?
False
Suppose 3*j - k = 15, 4*j + 4*k = 5*k + 19. Suppose -z - j*f = -66, f - 213 = -4*z + 2*f. Is 18 a factor of z?
True
Does 18 divide 1098/4*(-87 - -99)?
True
Let h = 18 - 17. Let t be (14 - 8)*-1*h. Does 19 divide (-1 - -7)*(-57)/t?
True
Suppose 0 = -i + u + 150, 0 = 5*i - u - 1049 + 295. Let v(d) = d**2 + 22*d - 75. Let n be v(10). Let z = n - i. Does 11 divide z?
False
Suppose -9*f + 5 = -14*f, f + 1105 = 4*v. Does 17 divide v?
False
Suppose 5*y - 2*y + 45 = 0. Suppose -2*k - 4*a = 42 - 150, -a + 252 = 5*k. Does 3 divide ((-18)/10)/(y/k)?
True
Let p(k) = -3*k + 3. Let q be p(7). Let i be 4/q - (-136)/(-36). Is i/(-6) - 448/(-21) a multip